when 1780125254 is divided by 81.
80
Calculate the remainder when 75341 is divided by 1651.
1046
Calculate the remainder when 373623 is divided by 62270.
3
What is the remainder when 900951 is divided by 3572?
807
What is the remainder when 24122 is divided by 4016?
26
What is the remainder when 9830060 is divided by 11?
9
Calculate the remainder when 24751 is divided by 22936.
1815
What is the remainder when 190924350 is divided by 37?
21
Calculate the remainder when 2583930 is divided by 9.
3
What is the remainder when 21937 is divided by 1211?
139
What is the remainder when 28245 is divided by 21212?
7033
What is the remainder when 2047737 is divided by 3165?
3147
Calculate the remainder when 2654399 is divided by 561.
308
What is the remainder when 109738 is divided by 36470?
328
What is the remainder when 4006672 is divided by 276?
256
What is the remainder when 256659 is divided by 2516?
27
Calculate the remainder when 11761302 is divided by 306.
192
What is the remainder when 2004569 is divided by 7?
0
What is the remainder when 2447287 is divided by 5911?
133
What is the remainder when 1527903 is divided by 44938?
11
Calculate the remainder when 866310 is divided by 288770.
0
What is the remainder when 1423693 is divided by 68?
45
Calculate the remainder when 975297 is divided by 5.
2
Calculate the remainder when 660695 is divided by 2447.
5
Calculate the remainder when 540802 is divided by 44.
42
What is the remainder when 1447036 is divided by 968?
844
What is the remainder when 407113 is divided by 203534?
45
What is the remainder when 269614 is divided by 134767?
80
Calculate the remainder when 39155838 is divided by 3379.
3365
What is the remainder when 930053 is divided by 232505?
33
What is the remainder when 116428 is divided by 597?
13
What is the remainder when 69829056 is divided by 1258?
1250
Calculate the remainder when 29732683 is divided by 7581.
1
What is the remainder when 219521 is divided by 24389?
20
What is the remainder when 14363266 is divided by 569?
568
Calculate the remainder when 1795109 is divided by 4204.
1
Calculate the remainder when 154360 is divided by 1830.
640
What is the remainder when 76960 is divided by 24535?
3355
Calculate the remainder when 185022 is divided by 184975.
47
What is the remainder when 5991697 is divided by 225?
172
What is the remainder when 612316 is divided by 108?
64
What is the remainder when 4639 is divided by 4094?
545
Calculate the remainder when 584000 is divided by 44.
32
What is the remainder when 18015191 is divided by 39?
38
Calculate the remainder when 342188 is divided by 9.
8
What is the remainder when 484797 is divided by 6754?
5263
Calculate the remainder when 155203 is divided by 420.
223
What is the remainder when 9135923 is divided by 5703?
5420
Calculate the remainder when 51957 is divided by 25785.
387
What is the remainder when 4339114 is divided by 1135?
9
Calculate the remainder when 4812046 is divided by 802004.
22
Calculate the remainder when 13688 is divided by 5370.
2948
Calculate the remainder when 33186902 is divided by 1028.
1006
Calculate the remainder when 50104 is divided by 12040.
1944
What is the remainder when 4391419 is divided by 362?
359
Calculate the remainder when 4599834 is divided by 919645.
1609
What is the remainder when 76023604 is divided by 1027346?
0
What is the remainder when 3458795 is divided by 1378?
15
Calculate the remainder when 23733 is divided by 6762.
3447
Calculate the remainder when 4950862 is divided by 1596.
70
What is the remainder when 63384 is divided by 31691?
2
Calculate the remainder when 836741 is divided by 34864.
5
What is the remainder when 843982 is divided by 891?
205
What is the remainder when 1940469 is divided by 142?
39
Calculate the remainder when 3888373 is divided by 2491.
2413
Calculate the remainder when 305541 is divided by 17.
0
What is the remainder when 3130801 is divided by 14?
9
What is the remainder when 34619745 is divided by 696?
9
What is the remainder when 172617 is divided by 1412?
353
What is the remainder when 76949 is divided by 19116?
485
Calculate the remainder when 780426 is divided by 48775.
26
What is the remainder when 5532865 is divided by 2766302?
261
What is the remainder when 1738322 is divided by 10048?
18
Calculate the remainder when 33074549 is divided by 25.
24
Calculate the remainder when 7766978 is divided by 56.
2
Calculate the remainder when 1161387 is divided by 1161093.
294
What is the remainder when 28502 is divided by 1677?
1670
What is the remainder when 16093258 is divided by 78?
64
What is the remainder when 2101718 is divided by 16291?
179
Calculate the remainder when 3545602 is divided by 393953.
25
What is the remainder when 6734385 is divided by 201?
81
Calculate the remainder when 233598 is divided by 252.
246
What is the remainder when 25906387 is divided by 38782?
11
What is the remainder when 2332414 is divided by 324?
262
What is the remainder when 11655081 is divided by 534?
531
Calculate the remainder when 877513 is divided by 2925.
13
Calculate the remainder when 80232 is divided by 840.
432
Calculate the remainder when 7780348 is divided by 3890149.
50
What is the remainder when 556906 is divided by 231?
196
Calculate the remainder when 22350065 is divided by 139.
116
Calculate the remainder when 234862 is divided by 117307.
248
What is the remainder when 150060 is divided by 9519?
7275
Calculate the remainder when 3347521 is divided by 2313.
610
What is the remainder when 699531 is divided by 100?
31
What is the remainder when 54749016 is divided by 2881526?
22
What is the remainder when 495709 is divided by 165233?
10
Calculate the remainder when 197248364 is divided by 85.
84
Calculate the remainder when 962561 is divided by 79.
25
What is the remainder when 2245321 is divided by 4536?
1
Calculate the remainder when 2288463 is divided by 1233.
15
What is the remainder when 59833037 is divided by 3999?
3998
What is the remainder when 22691539 is divided by 2855?
2854
What is the remainder when 17385841 is divided by 4376?
4369
What is the remainder when 7096197 is divided by 24?
21
Calculate the remainder when 51077 is divided by 2765.
1307
Calculate the remainder when 4293297 is divided by 191.
190
What is the remainder when 717925 is divided by 101?
17
What is the remainder when 38245 is divided by 12674?
223
Calculate the remainder when 25169 is divided by 1859.
1002
Calculate the remainder when 3699897 is divided by 29.
19
Calculate the remainder when 423716 is divided by 15689.
113
Calculate the remainder when 213281 is divided by 7276.
2277
Calculate the remainder when 21656 is divided by 1824.
1592
Calculate the remainder when 4868135 is divided by 1837.
85
What is the remainder when 451755 is divided by 384?
171
What is the remainder when 285925906 is divided by 744?
10
What is the remainder when 8819789 is divided by 180?
149
What is the remainder when 108153 is divided by 1884?
765
What is the remainder when 22840 is divided by 840?
160
What is the remainder when 2316206 is divided by 168?
158
What is the remainder when 230572142 is divided by 6859?
6857
Calculate the remainder when 6541 is divided by 2324.
1893
What is the remainder when 19652230 is divided by 2456528?
6
What is the remainder when 3646672 is divided by 12075?
22
What is the remainder when 7442 is divided by 7228?
214
Calculate the remainder when 970366 is divided by 34634.
614
What is the remainder when 140732 is divided by 2994?
14
Calculate the remainder when 8687784 is divided by 1555.
1554
What is the remainder when 1863108574 is divided by 987?
985
Calculate the remainder when 49814 is divided by 129.
20
Calculate the remainder when 1726089 is divided by 505.
504
What is the remainder when 1536106 is divided by 453?
436
Calculate the remainder when 2312386 is divided by 68011.
12
Calculate the remainder when 162237 is divided by 575.
87
Calculate the remainder when 728922 is divided by 7153.
6469
Calculate the remainder when 3090359 is divided by 10.
9
Calculate the remainder when 15553 is divided by 7232.
1089
What is the remainder when 180062 is divided by 263?
170
Calculate the remainder when 7802963 is divided by 113.
87
What is the remainder when 3405